ctors of u(s).
2, 3
Let b be (-12)/(-5) - 2/5. Suppose i = b*g + 9, 0 = -2*i - i - 3*g. Suppose -24 = -i*m + m. List the prime factors of m.
2, 3
What are the prime factors of (1/(-2))/(16/(-1472))?
2, 23
Suppose -3*w - 5*m - 191 = -1227, 0 = 4*w - 3*m - 1333. List the prime factors of w.
337
Suppose 0 = 8*g - 4*g - 4. Let r be g/2*(7 - 3). What are the prime factors of (r + -3 + 4)/1?
3
Suppose -4*n + 9*n = 20. Suppose 0 = y, y = -5*z - n*y + 185. What are the prime factors of z?
37
What are the prime factors of 2482/10 - (-6)/(-30)?
2, 31
List the prime factors of 1176/6 - (2 + -6).
2, 5
Let n(q) = -18*q + 31. List the prime factors of n(-6).
139
Suppose -3*g = -0*g + 12. Let r = -2 - g. Suppose 0*q = -2*q - 5*d + 30, 0 = 3*q + r*d - 23. What are the prime factors of q?
5
Let u(c) = -2*c**2 - 14*c + 1. Let h(r) = -r**2 - r - 1. Let m(d) = 3*h(d) - u(d). List the prime factors of m(9).
2, 7
Suppose 4*r + 177 = 7*r. List the prime factors of r.
59
Let p(h) = -43*h + 2. What are the prime factors of p(-1)?
3, 5
Let x(m) = m - 10. Let t be x(4). Let g(i) = i**3 + 6*i**2 - 2*i - 7. List the prime factors of g(t).
5
Suppose -3*m = 4*l + 10, 0*m + 8 = -4*l - 2*m. List the prime factors of l*(-7 - (-2)/1).
5
Suppose 14*p - 1547 = p. What are the prime factors of p?
7, 17
Let p(w) = w + 15. Let b be p(-9). List the prime factors of (0 - -1)*(b + 1).
7
Let s(o) be the third derivative of o**6/120 - o**5/60 - o**4/24 + 2*o**2. Let l be s(0). Suppose l = -2*k - 3*k + 10. List the prime factors of k.
2
Let h = 20 + -15. Suppose 0 = -3*v + 2*v + 44. Suppose -d + h*d = v. List the prime factors of d.
11
Suppose -95 = -0*d - 5*d. What are the prime factors of d?
19
Suppose -2*s + 0*x = 3*x - 66, -2*s = -x - 74. What are the prime factors of s?
2, 3
Let h(u) = u**3 + 5*u**2 - 7*u - 2. Let s be h(-6). What are the prime factors of (s + -3)/(-1) + 31?
2, 3, 5
Let v(d) = 4*d**2 + 8*d - 25. Let m(y) = -3*y**2 - 5*y + 17. Let s(q) = -7*m(q) - 5*v(q). Let j be s(6). Let i = 17 - j. List the prime factors of i.
5
Let k(q) = q**2 + 5*q + 11. What are the prime factors of k(-7)?
5
Let a(d) = -6*d**3 - d**2 + d - 1. What are the prime factors of a(-2)?
41
Let j(s) = 1. Let q(z) = -z**2 - z + 1. Let i(f) = -2*f**2. Let d(b) = i(b) - 4*q(b). Let h(m) = d(m) + 6*j(m). What are the prime factors of h(-2)?
2
Let d = -590 - -882. What are the prime factors of d?
2, 73
Let v be (1*2)/(4/42). Let a = -41 + v. Let h = -12 - a. What are the prime factors of h?
2
Suppose 340 = 10*c - 5*c. What are the prime factors of c?
2, 17
What are the prime factors of 54/(-243) - 200/(-9)?
2, 11
Let c be (2/(2/(-15)))/(-1). Suppose -2*a = 3*a + c. What are the prime factors of 6/5*(-20)/a?
2
Let b(o) be the third derivative of o**4/6 - 7*o**3/3 - 2*o**2. What are the prime factors of b(10)?
2, 13
Let g = 1 + 13. Let k = 73 - g. Let l = -42 + k. List the prime factors of l.
17
Let y = -7 - -123. Suppose -4*i + 0 = -y. List the prime factors of i.
29
Let n(z) = 14*z - 4. What are the prime factors of n(3)?
2, 19
Let b(w) = 2 - 4 + 5 + w. What are the prime factors of b(9)?
2, 3
Suppose 0 = 5*d + 5 - 15. Let a(k) = 11*k**2 + k - 2. List the prime factors of a(d).
2, 11
Let m(d) = d**3 + 7*d**2 - 10*d - 6. Let l = 18 - 26. List the prime factors of m(l).
2, 5
What are the prime factors of (2 + 10)*144/27?
2
Let s = 8 + -7. Let z = 18 + s. What are the prime factors of z?
19
Let u(f) be the second derivative of -f**5/20 - f**4/3 - 2*f**3/3 + f**2 + 3*f. Let d be u(-4). Let r = 25 - d. List the prime factors of r.
7
Suppose -3*b = -0*b - 204. What are the prime factors of b?
2, 17
Let u(y) = -2*y - y**2 + 1 + 0*y**2 - 2. Let d be u(2). List the prime factors of ((-24)/d)/((-4)/(-6)).
2
Let t = 9 + -6. Suppose 0*y + 80 = t*y - 4*r, 2*r - 30 = -y. List the prime factors of y.
2, 7
Let k = 79 - -116. List the prime factors of k.
3, 5, 13
Let s(a) = 2*a - 9. Let i be s(6). Let k(l) = -2*l + 1. Let u be k(i). Let g = u - -12. List the prime factors of g.
7
Let p(d) = 9*d + 10*d + 4*d - 5*d - 1. Let o be p(2). Let a = -18 + o. What are the prime factors of a?
17
Let m = -121 - -69. Let u = m - -36. Let r = u + 27. List the prime factors of r.
11
Suppose -136 = -n + 3*i, -3*i - 508 = -4*n - 0*n. What are the prime factors of n?
2, 31
Let i be (-30)/(-9)*(-12)/10. List the prime factors of (-48)/i - (-3 + 1).
2, 7
List the prime factors of (-1209)/(-104) - 3/(-8).
2, 3
Let a be 4 + 1 - (1 + 1). Suppose j + 14 = a*j. What are the prime factors of j?
7
Let o be 3 - (-2 + 4) - -9. Suppose -4*v = -v + 2*p - o, -4*p + 8 = 0. What are the prime factors of v?
2
Let d(t) = -t**2 - 7*t + 9. Let o be d(-8). List the prime factors of -3 - -6 - o*-20.
23
Suppose -3*i = 4 - 85. Suppose -1 - i = -2*s. List the prime factors of s.
2, 7
Let q be (-728)/(-48) + 2/(-12). Suppose -l = -0*l - n - q, 0 = 4*n - 20. What are the prime factors of l?
2, 5
Let c(v) = -v + 4. Let q be c(0). Suppose -32 = 2*u - 4*u + q*h, -3*u = -2*h - 52. What are the prime factors of u?
2, 3
Suppose 0*z - 2*z = -8. Suppose i - z = -1. Let p = i + 0. List the prime factors of p.
3
Let f(c) = 4*c - 3*c + 0*c. Let w be f(3). Suppose -w*x = 6 - 27. What are the prime factors of x?
7
Let h(g) = 72*g + 16. List the prime factors of h(3).
2, 29
Let s(f) = -f**2 - 17*f + 10. What are the prime factors of s(-13)?
2, 31
Let o(h) = -6*h - 5*h - 4 + 7*h. What are the prime factors of o(-4)?
2, 3
Let n be (-2)/(-5) + 1434/15. Suppose -4*i + n = 4*h, -96 = -5*h + h - i. Let d = h - 14. List the prime factors of d.
2, 5
Let d be 46/8 + (-1)/(-4). Suppose 5*z - d = -4*c + 25, 0 = z + 5. What are the prime factors of c?
2, 7
Let r = 2 - 4. Let m be (r/4)/(3/(-36)). Suppose -o + m = 2. List the prime factors of o.
2
Suppose -30 = -0*a - 3*a. Let k(d) = d - 8. Let i be k(a). Suppose -i - 8 = -2*x. List the prime factors of x.
5
Suppose 3*h - 2*q = 328, -h + 92 = -0*h - 5*q. Suppose 32 = -4*u + h. What are the prime factors of u?
2, 5
Let c(f) = f**2 - 12*f - 51. What are the prime factors of c(21)?
2, 3, 23
Let n = 54 + -17. List the prime factors of n.
37
Suppose -5*r + 0*r = -120. What are the prime factors of r?
2, 3
Let g = -66 + 106. What are the prime factors of g?
2, 5
Let s(q) = q - 2. Let v(x) = -x + 3. Let g(n) = 4*s(n) + 3*v(n). Let h be g(-7). Let f = h + 11. What are the prime factors of f?
5
Suppose -s = -5*t + 2*s + 96, -3*s + 93 = 4*t. List the prime factors of t.
3, 7
Suppose 5*o - o - 16 = 0. Suppose -o*v = v. Suppose v = 3*i - 4*i + 9. List the prime factors of i.
3
Let m = 2 - 4. Let b be (-9)/m*10/15. Suppose 2*q = b + 3. What are the prime factors of q?
3
Let k = 345 - 154. What are the prime factors of k?
191
Suppose 0*q - o = q + 33, 0 = 2*q - o + 63. Let x = q + 47. Let m = x + -4. What are the prime factors of m?
11
Suppose 2*w - 93 = 3*v, -w = 3*w + 5*v - 197. Let h = 67 - w. List the prime factors of h.
19
Suppose -2 = -5*p + 13. Suppose -40 = p*j - 5*j. List the prime factors of j.
2, 5
Let v be 3 + (-2)/1 - 3. Let q = 0 + v. What are the prime factors of (-34 + -1)*q/5?
2, 7
Suppose -4*d + 2*z + 1000 = 0, -2*d - 4*z = -3*z - 504. What are the prime factors of d?
251
Suppose -3*x + 2*a = -50, 0 = x + a - 2 - 18. Let z = x + -5. List the prime factors of z.
13
Let u be 12/(-8)*16/3. List the prime factors of 290/9 + u/36.
2
Let v(p) = -p**3 + p**2 + 1. Let q be v(2). What are the prime factors of -4*(-10)/(-12)*q?
2, 5
Suppose -3*t + 4*p = -0*t - 2, 3*t - 3*p - 6 = 0. Suppose 3*u = -4*s + 3*s + 17, 2*s = 3*u - 2. Let m = s + t. What are the prime factors of m?
11
Suppose -127 - 58 = -5*d. List the prime factors of d.
37
Let v(w) = 82*w + 50. What are the prime factors of v(3)?
2, 37
Suppose -112 + 16 = -4*u. What are the prime factors of u?
2, 3
Let q(f) = -f**3 - 6*f**2 - 2*f - 7. Let d(o) = -2*o + 10. Let b be d(8). Let a be q(b). Suppose 4*u - 4*j + 5 - 1 = 0, j = a. What are the prime factors of u?
2
Let y(c) = c**3 + 10*c**2 + 4. Let v be y(-10). Let m(z) = 2*z - 5. What are the prime factors of m(v)?
3
What are the prime factors of ((-22)/4)/((-2)/4)?
11
Let s be 3*((-4)/(-6))/(-1). Let v = s + 1. Let r = v - -7. What are the prime factors of r?
2, 3
Let a = 2 + -8. What are the prime factors of (4/a)/(2/(-15))?
5
Suppose -2*i